s) = 3*c(s) + 2*r(s). Give v(-4).
1
Suppose 0 = 7*u - 3*u - 24. Let i = 5 - u. Let y(g) = 6*g + 1. Calculate y(i).
-5
Let o(k) be the first derivative of -1/2*k**2 - 3*k - 3. Calculate o(-3).
0
Suppose -3*g - 3 = -g - 3*a, 4*a = 3*g + 3. Suppose 4 = -t + g*t. Let q(x) = -2*x**2 + 0*x**2 - 3 + 0*x**t + x**3 + 2*x. What is q(2)?
1
Let s(r) = -r - 4. Let m be (-6 - -3)/((-3)/4). Suppose 0 = -m*x - x. Suppose x*w = 2*w. Calculate s(w).
-4
Let g(w) = 6*w**3 + 5*w**2 - 10*w - 2. Let n(h) = 7*h**3 + 5*h**2 - 11*h - 1. Let f(u) = -6*g(u) + 5*n(u). What is f(-6)?
13
Let w(j) = j**3 - 2*j**2 + 2*j + 3. Let v(g) = g + 9. Let d be v(-6). Give w(d).
18
Suppose -3*o - a + 9 = o, o - 4*a + 2 = 0. Let i(z) = 5*z - 3. Determine i(o).
7
Let b be ((-2)/3)/(8/(-36)). Let x(z) = -z**3 + 4*z**2 + 0*z**3 + b + 6*z - 11*z. Determine x(3).
-3
Suppose -3*p + 13 = 4. Let t(d) be the second derivative of 1/3*d**3 + p*d - 7/2*d**2 + 0. Determine t(5).
3
Let u(c) = c. Suppose -8*r + 13 = 5. Give u(r).
1
Let r(j) = -3*j + 0*j**2 + 9*j**2 - 4 - 8*j**2. Let a be r(3). Let i(x) = -2*x**2 - 6*x. Calculate i(a).
-8
Let u(v) = -v**3 - 3*v**2 + 4*v + 6. Let p = -70 - -66. What is u(p)?
6
Let n be 7/(-2) - (-9)/(-18). Let t be ((-4)/6)/(n/12). Let i(z) = -z**3 + 2*z**2 + 3*z - 2. Give i(t).
4
Suppose 0 = -10*l + 28 + 2. Let i(x) = -x**3 + 3*x**2 + x + 3. Determine i(l).
6
Suppose 2*l - 22 = 3*s, 0*l + 3*s - 10 = -2*l. Let b = -3 + l. Let i(n) = -n**2 + 5*n - 2. Determine i(b).
-2
Let b(v) be the third derivative of v**5/60 - v**4/6 - v**3/6 - v**2. Give b(5).
4
Let c(d) = d + 1. Let v be c(-7). Let m(u) be the first derivative of 1/2*u**2 - 3 - u. Give m(v).
-7
Let z(b) = -b**3 + 6*b**2 - 5*b + 1. Suppose 4*t + 6*j - 25 = j, -2*t - j = -11. Give z(t).
1
Let b(q) = -q - 2. Let d be b(-5). Let o(a) = 3*a - 3*a**3 - a**2 + 2*a**d - 3 + 2*a**2. Calculate o(2).
-1
Let y(t) = -t**3 + 4*t**2 + 7*t - 4. Let f(v) = v**2 + 6*v + 1. Let w be f(-5). Let s = w - -9. Give y(s).
6
Let t(o) = 3*o**3 + o**2 + o - 3*o**3 - o**3 + 4*o**2. Determine t(5).
5
Let i(w) = 5*w**2 + 1. Let r(n) = -n**2 - 4*n - 3. Let q be r(-2). Let a be i(q). Let c(h) = h - 4. What is c(a)?
2
Let p(k) be the second derivative of -k**3/6 - k**2 - 2*k. Suppose 0 = -7*c + 4*c + 12. Let x = c + -8. Give p(x).
2
Let l(g) be the second derivative of 2*g + 0 - 1/2*g**2 - 7/6*g**3. Suppose -2*q + 3*s - 5 + 22 = 0, 2*q = -3*s - 13. Give l(q).
-8
Let m(p) = -p**2 - 2*p - 1. Let z(u) = 6*u + 45. Let s(y) = y + 9. Let f(i) = -11*s(i) + 2*z(i). Let d be f(5). Give m(d).
-9
Let i(b) = -3*b - 4. Let w(v) be the third derivative of -v**4/4 - 3*v**3/2 + v**2. Let y(n) = 13*i(n) - 6*w(n). Calculate y(2).
-4
Let l(n) = n**3 - 4*n**2 + n - 1. Let r be l(4). Let q(c) = -6*c + c**3 - 2 + 1 - 2*c**2 + 2*c. Determine q(r).
-4
Let t(f) = -f**2 + 2. Let s(o) = o**2 + 13*o + 20. Let i be s(-11). Calculate t(i).
-2
Let p(w) = 5*w**2 - 3*w - 1. Let j be p(-2). Let t = j + -31. Let u(c) = -c - 9. Give u(t).
-3
Suppose -4*u + 7*u + 14 = -5*a, -4*u - 17 = 5*a. Let d(g) be the first derivative of 11*g**3/3 - g + 1. What is d(a)?
10
Let u(h) = 10*h - 6. Let l(p) = 3*p - 2. Let s(r) = 14*l(r) - 4*u(r). Determine s(-3).
-10
Let b(t) = -t**2 - 7*t - 5. Suppose -7*m + 7 = 42. Give b(m).
5
Let n(c) be the second derivative of c**3/6 - c**2/2 + 5*c. Give n(3).
2
Let s = 8 - -1. Suppose 2*i - 3*i + 7 = -2*v, -3*i + 9 = -2*v. Let f be (-1)/(0 - v/s). Let o(k) = -k**2 - 3*k + 1. Give o(f).
1
Suppose -6*t = -2*t. Let n = -5 - t. Let h(a) = -2*a**2 - 3*a + 1 - a**3 - 2*a**2 + 9*a. What is h(n)?
-4
Suppose 30 = 3*t + 2*t. Let s(p) = -17*p + 11*p - 2 - 1 + 7*p. What is s(t)?
3
Let x(h) = 2*h - 2*h + 107 - 3*h**2 - 105. Determine x(2).
-10
Let q = 2 + 0. Let c(k) be the second derivative of -5*k**3/6 - k**2/2 - 17*k. Determine c(q).
-11
Let s(a) = -1. Let h(y) = y - 4. Let u(i) = -h(i) + 5*s(i). Let z = -12 - -14. Calculate u(z).
-3
Let l(o) = 5*o**3 - 10*o**2 + 13*o + 15. Let t(p) = -3*p**3 + 5*p**2 - 7*p - 8. Let a(j) = 4*l(j) + 7*t(j). Determine a(-5).
-11
Let v(l) = l**3 + 4*l**2 + l + 3. Suppose 1 = -6*c + 2*c - 3*o, 5*c - 3*o = -35. Give v(c).
-1
Suppose 0*j + 2*j - k - 4 = 0, -4*k = -j + 2. Let r(q) = 10*q - 1. Determine r(j).
19
Let m(l) = -l - 1. Let i be m(-5). Let s(f) = f - 5. What is s(i)?
-1
Let n(o) = -2*o**2 - 4*o - 2. Suppose -2*z - 3*z = 15. Give n(z).
-8
Let y(j) = 5*j**2 - 3*j - 2. Let n be y(-2). Suppose -7*v = -3*v + n. Let o(l) = -l**3 - 6*l**2 + 2. Determine o(v).
2
Let k(n) = -5*n + 7*n + 2*n - 3*n. Give k(-6).
-6
Let l(n) = n - 3. Let v be l(6). Let f(t) = 4 + 0 + t**v - 11 + 0. Calculate f(0).
-7
Let o(c) = -c**2 - c + 1. Let k(p) = -p - 2. Let r be k(8). Let f be 12/r*(-20)/8. Suppose f*j + 18 = 4*d + 4, -d - 5*j = 8. Calculate o(d).
-5
Let n(b) = -6*b + 10. Let o(g) = 7*g - 11. Let x(h) = 6*n(h) + 5*o(h). Determine x(0).
5
Let t(q) = 5*q - 12. Let j(l) = l. Let z(a) = -4*j(a) + t(a). Let o = -326 - -331. Determine z(o).
-7
Let b(r) = r**2 - r. Let f(n) = 4*n**2 - 6*n - 1. Let p(t) = 5*b(t) - f(t). Suppose 7*c + 8 = 3*c. What is p(c)?
3
Let t(c) = c**3 - 4*c**2 + 2*c + 2. Suppose s + 0*s - 5 = 0. Suppose -4*p - 6 = -p. Let n = s + p. Calculate t(n).
-1
Let a(p) = 3*p + 4 - p - 1. Let k = -14 - -10. Let t(w) = -w**2 - 3*w + 1. Let u be t(k). Give a(u).
-3
Let h(j) = -j**2 + 13*j + 12. Let i be h(14). Let n(q) = q**3 + 3*q**2 - 2*q - 3. Give n(i).
5
Let f(j) = -3*j - 1. Let i(o) = 4*o + 1. Let y(k) = 6*f(k) + 5*i(k). Suppose 0 = -4*t - t + 55. Suppose t = 2*h + l, -h - 3*l = h - 17. Determine y(h).
7
Let m(k) = -5*k**2 + k. Let u be m(1). Let a = 6 + u. Let o(h) = h**3 - h**2 + h + 2. What is o(a)?
8
Let u be (6/15)/((-4)/(-20)). Let l(d) = 3*d**2 - 4 + 0*d**2 + u - d. Give l(2).
8
Let b(m) = 13*m + 11*m - 4 - 25*m. What is b(-4)?
0
Let p(t) = -t**2 - 3*t + 4. Let d be (-2 + -4)*20/(-6). Let f = 2 + 2. Suppose -3*c = 5*k + d - 6, 0 = -4*k - f. Calculate p(c).
4
Let y = 4 + -4. Let s(t) = t**3 + t**2 - t - 1. Give s(y).
-1
Let o(g) = -3*g - 6. Let p be o(-3). Let d(r) = -r**2 - 7*r + 10*r + p*r. Let a be 1 + 0 + 7 + -2. Calculate d(a).
0
Let m(a) = -15*a + 4. Let k(c) = -4*c + 1. Suppose -4*o = -3*o + 6. Let u(y) = o*m(y) + 22*k(y). Let j be ((-2 - -2) + 4)*1. What is u(j)?
6
Let b(d) = d**2 - 5*d + 2. Let m(z) = -z**3 - z**2 - z - 1. Let y(l) = -4*l**3 + 5*l**2 + 5*l - 1. Let w(j) = 5*m(j) - y(j). Let i be w(-9). Determine b(i).
2
Let u(q) = -3*q**2 - 2 + 9*q**2 + 3 + q. Determine u(-1).
6
Let c = 3 + -2. Let i(v) be the second derivative of -v**6/80 + v**5/120 - v**4/6 - v. Let t(j) be the third derivative of i(j). Give t(c).
-8
Let k(z) = z**2 - 3*z - 2. Let l = -11 + 1. Let x be (l/15)/(1/3). What is k(x)?
8
Let z(n) = -2*n + 2. Let b(a) = -10*a + 9. Let t(f) = -2*b(f) + 11*z(f). Determine t(3).
-2
Let a(c) be the second derivative of -c**5/20 + c**4/6 - c**2/2 + 3*c. What is a(-1)?
2
Let z be 1/(-3) + 26/6. Suppose z*i - 3 = 2*d + d, 4*i = -2*d + 18. Let x(t) be the first derivative of -t**2 + t - 13. Calculate x(i).
-5
Let q(y) = y**2 + 4*y + 2. Let c = -60 + 115. Let x be (-253)/c + 4/(-10). Determine q(x).
7
Let c(x) = 2*x - 3 - x - 3*x. What is c(-2)?
1
Let h(x) = -x**3 - x**2 + 4*x - 4. Let r(l) = l**3 + 2*l + 5. Let s(v) = -v. Let p(c) = -r(c) - 6*s(c). Let t(n) = -4*h(n) + 3*p(n). What is t(-5)?
-4
Let j = -4 + 5. Let t be 1/((-3)/(-2 - j)). Let p(y) = -t + y + 2 - 2 + 3. Give p(0).
2
Let q = 1 + -3. Let x(k) = k - 1. Let r(p) = -p**2 - 6*p + 6. Let d(w) = q*r(w) - 14*x(w). Let y be (-6)/30 + 11/5. Calculate d(y).
6
Suppose 5*z = -2*m - 15, -2*m + 6*m + 39 = -z. Let l(g) = -g**3 - 11*g**2 - 9*g + 5. What is l(m)?
-5
Let g(c) = c**2 + 2*c. Let a be g(-3). Let v(l) = -3 - l**2 - a*l + l + 0*l + 0. Let q be 1*(-1)/((-2)/(-6)). What is v(q)?
-6
Let a(n) = 5*n**2 - 15*n + 9. Let p(j) = 3*j**2 - 8*j + 5. Let t(f) = 4*a(f) - 7*p(f). Suppose 8*w + 70 = 3*w. Let x be 50/(-18) + w/63. What is t(x)?
4
Let r be 2/(-2 - (-100)/49). Suppose 2*u - 32 = -u + 2*w, -5*u = w - r. Let l = u + -8. Let m(z) = -2*z**2 + 2*z - 1. Give m(l).
-5
Let z = 5 - 1. Let f(v) = -v**2 - 2 - 4*v**2 + 1 + z*v**2. Determine f(1).
-2
Let r(k) = k**2 - 3*k + 2. Suppose -3*j + 14 - 2 = 0. Let u = 0 - -8. Suppose -h - 4*t = -u, -3*t = t - j. Determine r(h).
6
Let q(h) 